/**
 * Copyright © Magento, Inc. All rights reserved.
 * See COPYING.txt for license details.
 */



-- Dumping structure for table magento11431.customer_address_entity
CREATE TABLE IF NOT EXISTS `customer_address_entity` (
  `entity_id` int(10) unsigned NOT NULL AUTO_INCREMENT COMMENT 'Entity Id',
  `entity_type_id` smallint(5) unsigned NOT NULL DEFAULT '0' COMMENT 'Entity Type Id',
  `attribute_set_id` smallint(5) unsigned NOT NULL DEFAULT '0' COMMENT 'Attribute Set Id',
  `increment_id` varchar(50) DEFAULT NULL COMMENT 'Increment Id',
  `parent_id` int(10) unsigned DEFAULT NULL COMMENT 'Parent Id',
  `created_at` timestamp NOT NULL DEFAULT '0000-00-00 00:00:00' COMMENT 'Created At',
  `updated_at` timestamp NOT NULL DEFAULT '0000-00-00 00:00:00' COMMENT 'Updated At',
  `is_active` smallint(5) unsigned NOT NULL DEFAULT '1' COMMENT 'Is Active',
  PRIMARY KEY (`entity_id`),
  KEY `IDX_CUSTOMER_ADDRESS_ENTITY_PARENT_ID` (`parent_id`),
  CONSTRAINT `FK_CUSTOMER_ADDRESS_ENTITY_PARENT_ID_CUSTOMER_ENTITY_ENTITY_ID` FOREIGN KEY (`parent_id`) REFERENCES `customer_entity` (`entity_id`) ON DELETE CASCADE ON UPDATE CASCADE
) ENGINE=InnoDB AUTO_INCREMENT=7 DEFAULT CHARSET=utf8 COMMENT='Customer Address Entity';

-- Dumping data for table magento11431.customer_address_entity: ~2 rows (approximately)
DELETE FROM `customer_address_entity`;
INSERT INTO `customer_address_entity` (`entity_id`, `entity_type_id`, `attribute_set_id`, `increment_id`, `parent_id`, `created_at`, `updated_at`, `is_active`) VALUES
	(1, 2, 0, NULL, 1, '2017-01-23 02:11:56', '2017-07-06 12:10:35', 1),
	(2, 2, 0, NULL, 2, '2017-03-27 21:51:49', '2017-03-27 07:52:45', 1),
	(5, 2, 0, NULL, 1, '2017-07-06 12:03:39', '2017-07-06 12:12:50', 1),
	(6, 2, 0, NULL, 1, '2017-07-06 12:11:29', '2017-07-06 12:11:29', 1);

-- Dumping structure for table magento11431.customer_address_entity_datetime
CREATE TABLE IF NOT EXISTS `customer_address_entity_datetime` (
  `value_id` int(11) NOT NULL AUTO_INCREMENT COMMENT 'Value Id',
  `entity_type_id` smallint(5) unsigned NOT NULL DEFAULT '0' COMMENT 'Entity Type Id',
  `attribute_id` smallint(5) unsigned NOT NULL DEFAULT '0' COMMENT 'Attribute Id',
  `entity_id` int(10) unsigned NOT NULL DEFAULT '0' COMMENT 'Entity Id',
  `value` datetime NOT NULL DEFAULT '0000-00-00 00:00:00' COMMENT 'Value',
  PRIMARY KEY (`value_id`),
  UNIQUE KEY `UNQ_CUSTOMER_ADDRESS_ENTITY_DATETIME_ENTITY_ID_ATTRIBUTE_ID` (`entity_id`,`attribute_id`),
  KEY `IDX_CUSTOMER_ADDRESS_ENTITY_DATETIME_ENTITY_TYPE_ID` (`entity_type_id`),
  KEY `IDX_CUSTOMER_ADDRESS_ENTITY_DATETIME_ATTRIBUTE_ID` (`attribute_id`),
  KEY `IDX_CUSTOMER_ADDRESS_ENTITY_DATETIME_ENTITY_ID` (`entity_id`),
  KEY `IDX_CSTR_ADDR_ENTT_DTIME_ENTT_ID_ATTR_ID_VAL` (`entity_id`,`attribute_id`,`value`),
  CONSTRAINT `FK_CSTR_ADDR_ENTT_DTIME_ATTR_ID_EAV_ATTR_ATTR_ID` FOREIGN KEY (`attribute_id`) REFERENCES `eav_attribute` (`attribute_id`) ON DELETE CASCADE ON UPDATE CASCADE,
  CONSTRAINT `FK_CSTR_ADDR_ENTT_DTIME_ENTT_ID_CSTR_ADDR_ENTT_ENTT_ID` FOREIGN KEY (`entity_id`) REFERENCES `customer_address_entity` (`entity_id`) ON DELETE CASCADE ON UPDATE CASCADE,
  CONSTRAINT `FK_CSTR_ADDR_ENTT_DTIME_ENTT_TYPE_ID_EAV_ENTT_TYPE_ENTT_TYPE_ID` FOREIGN KEY (`entity_type_id`) REFERENCES `eav_entity_type` (`entity_type_id`) ON DELETE CASCADE ON UPDATE CASCADE
) ENGINE=InnoDB DEFAULT CHARSET=utf8 COMMENT='Customer Address Entity Datetime';

-- Dumping data for table magento11431.customer_address_entity_datetime: ~0 rows (approximately)
DELETE FROM `customer_address_entity_datetime`;

-- Dumping structure for table magento11431.customer_address_entity_decimal
CREATE TABLE IF NOT EXISTS `customer_address_entity_decimal` (
  `value_id` int(11) NOT NULL AUTO_INCREMENT COMMENT 'Value Id',
  `entity_type_id` smallint(5) unsigned NOT NULL DEFAULT '0' COMMENT 'Entity Type Id',
  `attribute_id` smallint(5) unsigned NOT NULL DEFAULT '0' COMMENT 'Attribute Id',
  `entity_id` int(10) unsigned NOT NULL DEFAULT '0' COMMENT 'Entity Id',
  `value` decimal(12,4) NOT NULL DEFAULT '0.0000' COMMENT 'Value',
  PRIMARY KEY (`value_id`),
  UNIQUE KEY `UNQ_CUSTOMER_ADDRESS_ENTITY_DECIMAL_ENTITY_ID_ATTRIBUTE_ID` (`entity_id`,`attribute_id`),
  KEY `IDX_CUSTOMER_ADDRESS_ENTITY_DECIMAL_ENTITY_TYPE_ID` (`entity_type_id`),
  KEY `IDX_CUSTOMER_ADDRESS_ENTITY_DECIMAL_ATTRIBUTE_ID` (`attribute_id`),
  KEY `IDX_CUSTOMER_ADDRESS_ENTITY_DECIMAL_ENTITY_ID` (`entity_id`),
  KEY `IDX_CUSTOMER_ADDRESS_ENTITY_DECIMAL_ENTITY_ID_ATTRIBUTE_ID_VALUE` (`entity_id`,`attribute_id`,`value`),
  CONSTRAINT `FK_CSTR_ADDR_ENTT_DEC_ATTR_ID_EAV_ATTR_ATTR_ID` FOREIGN KEY (`attribute_id`) REFERENCES `eav_attribute` (`attribute_id`) ON DELETE CASCADE ON UPDATE CASCADE,
  CONSTRAINT `FK_CSTR_ADDR_ENTT_DEC_ENTT_ID_CSTR_ADDR_ENTT_ENTT_ID` FOREIGN KEY (`entity_id`) REFERENCES `customer_address_entity` (`entity_id`) ON DELETE CASCADE ON UPDATE CASCADE,
  CONSTRAINT `FK_CSTR_ADDR_ENTT_DEC_ENTT_TYPE_ID_EAV_ENTT_TYPE_ENTT_TYPE_ID` FOREIGN KEY (`entity_type_id`) REFERENCES `eav_entity_type` (`entity_type_id`) ON DELETE CASCADE ON UPDATE CASCADE
) ENGINE=InnoDB DEFAULT CHARSET=utf8 COMMENT='Customer Address Entity Decimal';

-- Dumping data for table magento11431.customer_address_entity_decimal: ~0 rows (approximately)
DELETE FROM `customer_address_entity_decimal`;

-- Dumping structure for table magento11431.customer_address_entity_int
CREATE TABLE IF NOT EXISTS `customer_address_entity_int` (
  `value_id` int(11) NOT NULL AUTO_INCREMENT COMMENT 'Value Id',
  `entity_type_id` smallint(5) unsigned NOT NULL DEFAULT '0' COMMENT 'Entity Type Id',
  `attribute_id` smallint(5) unsigned NOT NULL DEFAULT '0' COMMENT 'Attribute Id',
  `entity_id` int(10) unsigned NOT NULL DEFAULT '0' COMMENT 'Entity Id',
  `value` int(11) NOT NULL DEFAULT '0' COMMENT 'Value',
  PRIMARY KEY (`value_id`),
  UNIQUE KEY `UNQ_CUSTOMER_ADDRESS_ENTITY_INT_ENTITY_ID_ATTRIBUTE_ID` (`entity_id`,`attribute_id`),
  KEY `IDX_CUSTOMER_ADDRESS_ENTITY_INT_ENTITY_TYPE_ID` (`entity_type_id`),
  KEY `IDX_CUSTOMER_ADDRESS_ENTITY_INT_ATTRIBUTE_ID` (`attribute_id`),
  KEY `IDX_CUSTOMER_ADDRESS_ENTITY_INT_ENTITY_ID` (`entity_id`),
  KEY `IDX_CUSTOMER_ADDRESS_ENTITY_INT_ENTITY_ID_ATTRIBUTE_ID_VALUE` (`entity_id`,`attribute_id`,`value`),
  CONSTRAINT `FK_CSTR_ADDR_ENTT_INT_ATTR_ID_EAV_ATTR_ATTR_ID` FOREIGN KEY (`attribute_id`) REFERENCES `eav_attribute` (`attribute_id`) ON DELETE CASCADE ON UPDATE CASCADE,
  CONSTRAINT `FK_CSTR_ADDR_ENTT_INT_ENTT_ID_CSTR_ADDR_ENTT_ENTT_ID` FOREIGN KEY (`entity_id`) REFERENCES `customer_address_entity` (`entity_id`) ON DELETE CASCADE ON UPDATE CASCADE,
  CONSTRAINT `FK_CSTR_ADDR_ENTT_INT_ENTT_TYPE_ID_EAV_ENTT_TYPE_ENTT_TYPE_ID` FOREIGN KEY (`entity_type_id`) REFERENCES `eav_entity_type` (`entity_type_id`) ON DELETE CASCADE ON UPDATE CASCADE
) ENGINE=InnoDB AUTO_INCREMENT=11 DEFAULT CHARSET=utf8 COMMENT='Customer Address Entity Int';

-- Dumping data for table magento11431.customer_address_entity_int: ~2 rows (approximately)
DELETE FROM `customer_address_entity_int`;
INSERT INTO `customer_address_entity_int` (`value_id`, `entity_type_id`, `attribute_id`, `entity_id`, `value`) VALUES
	(1, 2, 29, 1, 12),
	(2, 2, 29, 2, 12),
	(5, 2, 29, 5, 12),
	(9, 2, 29, 6, 0);

-- Dumping structure for table magento11431.customer_address_entity_text
CREATE TABLE IF NOT EXISTS `customer_address_entity_text` (
  `value_id` int(11) NOT NULL AUTO_INCREMENT COMMENT 'Value Id',
  `entity_type_id` smallint(5) unsigned NOT NULL DEFAULT '0' COMMENT 'Entity Type Id',
  `attribute_id` smallint(5) unsigned NOT NULL DEFAULT '0' COMMENT 'Attribute Id',
  `entity_id` int(10) unsigned NOT NULL DEFAULT '0' COMMENT 'Entity Id',
  `value` text NOT NULL COMMENT 'Value',
  PRIMARY KEY (`value_id`),
  UNIQUE KEY `UNQ_CUSTOMER_ADDRESS_ENTITY_TEXT_ENTITY_ID_ATTRIBUTE_ID` (`entity_id`,`attribute_id`),
  KEY `IDX_CUSTOMER_ADDRESS_ENTITY_TEXT_ENTITY_TYPE_ID` (`entity_type_id`),
  KEY `IDX_CUSTOMER_ADDRESS_ENTITY_TEXT_ATTRIBUTE_ID` (`attribute_id`),
  KEY `IDX_CUSTOMER_ADDRESS_ENTITY_TEXT_ENTITY_ID` (`entity_id`),
  CONSTRAINT `FK_CSTR_ADDR_ENTT_TEXT_ATTR_ID_EAV_ATTR_ATTR_ID` FOREIGN KEY (`attribute_id`) REFERENCES `eav_attribute` (`attribute_id`) ON DELETE CASCADE ON UPDATE CASCADE,
  CONSTRAINT `FK_CSTR_ADDR_ENTT_TEXT_ENTT_ID_CSTR_ADDR_ENTT_ENTT_ID` FOREIGN KEY (`entity_id`) REFERENCES `customer_address_entity` (`entity_id`) ON DELETE CASCADE ON UPDATE CASCADE,
  CONSTRAINT `FK_CSTR_ADDR_ENTT_TEXT_ENTT_TYPE_ID_EAV_ENTT_TYPE_ENTT_TYPE_ID` FOREIGN KEY (`entity_type_id`) REFERENCES `eav_entity_type` (`entity_type_id`) ON DELETE CASCADE ON UPDATE CASCADE
) ENGINE=InnoDB AUTO_INCREMENT=7 DEFAULT CHARSET=utf8 COMMENT='Customer Address Entity Text';

-- Dumping data for table magento11431.customer_address_entity_text: ~2 rows (approximately)
DELETE FROM `customer_address_entity_text`;
INSERT INTO `customer_address_entity_text` (`value_id`, `entity_type_id`, `attribute_id`, `entity_id`, `value`) VALUES
	(1, 2, 25, 1, '2801 Mission Street\n2801 Mission Street'),
	(2, 2, 25, 2, '2801 Mission Street\n2801 Mission Street'),
	(5, 2, 25, 5, '2065 Hamilton Ave\n2065 Hamilton Ave'),
	(6, 2, 25, 6, '2/6 Oleksandra Boichenka St, apt. 52\n2/6 Oleksandra Boichenka St, apt. 52');

-- Dumping structure for table magento11431.customer_address_entity_varchar
CREATE TABLE IF NOT EXISTS `customer_address_entity_varchar` (
  `value_id` int(11) NOT NULL AUTO_INCREMENT COMMENT 'Value Id',
  `entity_type_id` smallint(5) unsigned NOT NULL DEFAULT '0' COMMENT 'Entity Type Id',
  `attribute_id` smallint(5) unsigned NOT NULL DEFAULT '0' COMMENT 'Attribute Id',
  `entity_id` int(10) unsigned NOT NULL DEFAULT '0' COMMENT 'Entity Id',
  `value` varchar(255) DEFAULT NULL COMMENT 'Value',
  PRIMARY KEY (`value_id`),
  UNIQUE KEY `UNQ_CUSTOMER_ADDRESS_ENTITY_VARCHAR_ENTITY_ID_ATTRIBUTE_ID` (`entity_id`,`attribute_id`),
  KEY `IDX_CUSTOMER_ADDRESS_ENTITY_VARCHAR_ENTITY_TYPE_ID` (`entity_type_id`),
  KEY `IDX_CUSTOMER_ADDRESS_ENTITY_VARCHAR_ATTRIBUTE_ID` (`attribute_id`),
  KEY `IDX_CUSTOMER_ADDRESS_ENTITY_VARCHAR_ENTITY_ID` (`entity_id`),
  KEY `IDX_CUSTOMER_ADDRESS_ENTITY_VARCHAR_ENTITY_ID_ATTRIBUTE_ID_VALUE` (`entity_id`,`attribute_id`,`value`),
  CONSTRAINT `FK_CSTR_ADDR_ENTT_VCHR_ATTR_ID_EAV_ATTR_ATTR_ID` FOREIGN KEY (`attribute_id`) REFERENCES `eav_attribute` (`attribute_id`) ON DELETE CASCADE ON UPDATE CASCADE,
  CONSTRAINT `FK_CSTR_ADDR_ENTT_VCHR_ENTT_ID_CSTR_ADDR_ENTT_ENTT_ID` FOREIGN KEY (`entity_id`) REFERENCES `customer_address_entity` (`entity_id`) ON DELETE CASCADE ON UPDATE CASCADE,
  CONSTRAINT `FK_CSTR_ADDR_ENTT_VCHR_ENTT_TYPE_ID_EAV_ENTT_TYPE_ENTT_TYPE_ID` FOREIGN KEY (`entity_type_id`) REFERENCES `eav_entity_type` (`entity_type_id`) ON DELETE CASCADE ON UPDATE CASCADE
) ENGINE=InnoDB AUTO_INCREMENT=73 DEFAULT CHARSET=utf8 COMMENT='Customer Address Entity Varchar';

-- Dumping data for table magento11431.customer_address_entity_varchar: ~23 rows (approximately)
DELETE FROM `customer_address_entity_varchar`;
INSERT INTO `customer_address_entity_varchar` (`value_id`, `entity_type_id`, `attribute_id`, `entity_id`, `value`) VALUES
	(1, 2, 20, 1, 'Viktor'),
	(2, 2, 21, 1, 'Mn'),
	(3, 2, 22, 1, 'Rad'),
	(4, 2, 24, 1, NULL),
	(5, 2, 26, 1, 'SAN FRANCISCO'),
	(6, 2, 27, 1, 'US'),
	(7, 2, 28, 1, 'California'),
	(8, 2, 30, 1, '94110'),
	(9, 2, 31, 1, '9702196522'),
	(10, 2, 32, 1, '9702196522'),
	(11, 2, 19, 1, NULL),
	(12, 2, 23, 1, NULL),
	(13, 2, 36, 1, NULL),
	(14, 2, 20, 2, 'Viktor'),
	(15, 2, 21, 2, NULL),
	(16, 2, 22, 2, 'Rad'),
	(17, 2, 24, 2, NULL),
	(18, 2, 26, 2, 'SAN FRANCISCO'),
	(19, 2, 27, 2, 'US'),
	(20, 2, 28, 2, 'California'),
	(21, 2, 30, 2, '94110'),
	(22, 2, 31, 2, '9702196522'),
	(23, 2, 32, 2, '9702196522'),
	(44, 2, 20, 5, 'Fn'),
	(45, 2, 21, 5, 'Mn'),
	(46, 2, 22, 5, 'Ln'),
	(47, 2, 24, 5, NULL),
	(48, 2, 26, 5, 'San Jose'),
	(49, 2, 27, 5, 'US'),
	(50, 2, 28, 5, 'California'),
	(51, 2, 30, 5, '95125'),
	(52, 2, 31, 5, '4083767400'),
	(53, 2, 32, 5, '123123123123'),
	(56, 2, 179, 1, '2222222222222'),
	(60, 2, 20, 6, 'Viktor'),
	(61, 2, 21, 6, 'Mn'),
	(62, 2, 22, 6, 'Rad'),
	(63, 2, 24, 6, NULL),
	(64, 2, 26, 6, 'Kiev'),
	(65, 2, 27, 6, 'UA'),
	(66, 2, 28, 6, NULL),
	(67, 2, 30, 6, '02206'),
	(68, 2, 31, 6, '44444444444'),
	(69, 2, 32, 6, NULL),
	(70, 2, 179, 6, NULL),
	(71, 2, 179, 5, '777777777777');

-- Dumping structure for table magento11431.customer_entity
CREATE TABLE IF NOT EXISTS `customer_entity` (
  `entity_id` int(10) unsigned NOT NULL AUTO_INCREMENT COMMENT 'Entity Id',
  `entity_type_id` smallint(5) unsigned NOT NULL DEFAULT '0' COMMENT 'Entity Type Id',
  `attribute_set_id` smallint(5) unsigned NOT NULL DEFAULT '0' COMMENT 'Attribute Set Id',
  `website_id` smallint(5) unsigned DEFAULT NULL COMMENT 'Website Id',
  `email` varchar(255) DEFAULT NULL COMMENT 'Email',
  `group_id` smallint(5) unsigned NOT NULL DEFAULT '0' COMMENT 'Group Id',
  `increment_id` varchar(50) DEFAULT NULL COMMENT 'Increment Id',
  `store_id` smallint(5) unsigned DEFAULT '0' COMMENT 'Store Id',
  `created_at` timestamp NOT NULL DEFAULT '0000-00-00 00:00:00' COMMENT 'Created At',
  `updated_at` timestamp NOT NULL DEFAULT '0000-00-00 00:00:00' COMMENT 'Updated At',
  `is_active` smallint(5) unsigned NOT NULL DEFAULT '1' COMMENT 'Is Active',
  `disable_auto_group_change` smallint(5) unsigned NOT NULL DEFAULT '0' COMMENT 'Disable automatic group change based on VAT ID',
  PRIMARY KEY (`entity_id`),
  UNIQUE KEY `UNQ_CUSTOMER_ENTITY_EMAIL_WEBSITE_ID` (`email`,`website_id`),
  KEY `IDX_CUSTOMER_ENTITY_STORE_ID` (`store_id`),
  KEY `IDX_CUSTOMER_ENTITY_ENTITY_TYPE_ID` (`entity_type_id`),
  KEY `IDX_CUSTOMER_ENTITY_EMAIL_WEBSITE_ID` (`email`,`website_id`),
  KEY `IDX_CUSTOMER_ENTITY_WEBSITE_ID` (`website_id`),
  CONSTRAINT `FK_CUSTOMER_ENTITY_STORE_ID_CORE_STORE_STORE_ID` FOREIGN KEY (`store_id`) REFERENCES `core_store` (`store_id`) ON DELETE SET NULL ON UPDATE CASCADE,
  CONSTRAINT `FK_CUSTOMER_ENTITY_WEBSITE_ID_CORE_WEBSITE_WEBSITE_ID` FOREIGN KEY (`website_id`) REFERENCES `core_website` (`website_id`) ON DELETE SET NULL ON UPDATE CASCADE
) ENGINE=InnoDB AUTO_INCREMENT=3 DEFAULT CHARSET=utf8 COMMENT='Customer Entity';

-- Dumping data for table magento11431.customer_entity: ~2 rows (approximately)
DELETE FROM `customer_entity`;
INSERT INTO `customer_entity` (`entity_id`, `entity_type_id`, `attribute_set_id`, `website_id`, `email`, `group_id`, `increment_id`, `store_id`, `created_at`, `updated_at`, `is_active`, `disable_auto_group_change`) VALUES
	(1, 1, 0, 1, 'null1@null.com', 1, NULL, 1, '2017-01-19 10:11:43', '2017-04-04 10:48:54', 1, 0),
	(2, 1, 0, 1, 'null2@null.com', 1, NULL, 1, '2017-03-27 07:50:09', '2017-03-27 07:52:44', 1, 0);

-- Dumping structure for table magento11431.customer_entity_datetime
CREATE TABLE IF NOT EXISTS `customer_entity_datetime` (
  `value_id` int(11) NOT NULL AUTO_INCREMENT COMMENT 'Value Id',
  `entity_type_id` smallint(5) unsigned NOT NULL DEFAULT '0' COMMENT 'Entity Type Id',
  `attribute_id` smallint(5) unsigned NOT NULL DEFAULT '0' COMMENT 'Attribute Id',
  `entity_id` int(10) unsigned NOT NULL DEFAULT '0' COMMENT 'Entity Id',
  `value` datetime NOT NULL DEFAULT '0000-00-00 00:00:00' COMMENT 'Value',
  PRIMARY KEY (`value_id`),
  UNIQUE KEY `UNQ_CUSTOMER_ENTITY_DATETIME_ENTITY_ID_ATTRIBUTE_ID` (`entity_id`,`attribute_id`),
  KEY `IDX_CUSTOMER_ENTITY_DATETIME_ENTITY_TYPE_ID` (`entity_type_id`),
  KEY `IDX_CUSTOMER_ENTITY_DATETIME_ATTRIBUTE_ID` (`attribute_id`),
  KEY `IDX_CUSTOMER_ENTITY_DATETIME_ENTITY_ID` (`entity_id`),
  KEY `IDX_CUSTOMER_ENTITY_DATETIME_ENTITY_ID_ATTRIBUTE_ID_VALUE` (`entity_id`,`attribute_id`,`value`),
  CONSTRAINT `FK_CSTR_ENTT_DTIME_ATTR_ID_EAV_ATTR_ATTR_ID` FOREIGN KEY (`attribute_id`) REFERENCES `eav_attribute` (`attribute_id`) ON DELETE CASCADE ON UPDATE CASCADE,
  CONSTRAINT `FK_CSTR_ENTT_DTIME_ENTT_TYPE_ID_EAV_ENTT_TYPE_ENTT_TYPE_ID` FOREIGN KEY (`entity_type_id`) REFERENCES `eav_entity_type` (`entity_type_id`) ON DELETE CASCADE ON UPDATE CASCADE,
  CONSTRAINT `FK_CUSTOMER_ENTITY_DATETIME_ENTITY_ID_CUSTOMER_ENTITY_ENTITY_ID` FOREIGN KEY (`entity_id`) REFERENCES `customer_entity` (`entity_id`) ON DELETE CASCADE ON UPDATE CASCADE
) ENGINE=InnoDB DEFAULT CHARSET=utf8 COMMENT='Customer Entity Datetime';

-- Dumping data for table magento11431.customer_entity_datetime: ~0 rows (approximately)
DELETE FROM `customer_entity_datetime`;

-- Dumping structure for table magento11431.customer_entity_decimal
CREATE TABLE IF NOT EXISTS `customer_entity_decimal` (
  `value_id` int(11) NOT NULL AUTO_INCREMENT COMMENT 'Value Id',
  `entity_type_id` smallint(5) unsigned NOT NULL DEFAULT '0' COMMENT 'Entity Type Id',
  `attribute_id` smallint(5) unsigned NOT NULL DEFAULT '0' COMMENT 'Attribute Id',
  `entity_id` int(10) unsigned NOT NULL DEFAULT '0' COMMENT 'Entity Id',
  `value` decimal(12,4) NOT NULL DEFAULT '0.0000' COMMENT 'Value',
  PRIMARY KEY (`value_id`),
  UNIQUE KEY `UNQ_CUSTOMER_ENTITY_DECIMAL_ENTITY_ID_ATTRIBUTE_ID` (`entity_id`,`attribute_id`),
  KEY `IDX_CUSTOMER_ENTITY_DECIMAL_ENTITY_TYPE_ID` (`entity_type_id`),
  KEY `IDX_CUSTOMER_ENTITY_DECIMAL_ATTRIBUTE_ID` (`attribute_id`),
  KEY `IDX_CUSTOMER_ENTITY_DECIMAL_ENTITY_ID` (`entity_id`),
  KEY `IDX_CUSTOMER_ENTITY_DECIMAL_ENTITY_ID_ATTRIBUTE_ID_VALUE` (`entity_id`,`attribute_id`,`value`),
  CONSTRAINT `FK_CSTR_ENTT_DEC_ATTR_ID_EAV_ATTR_ATTR_ID` FOREIGN KEY (`attribute_id`) REFERENCES `eav_attribute` (`attribute_id`) ON DELETE CASCADE ON UPDATE CASCADE,
  CONSTRAINT `FK_CSTR_ENTT_DEC_ENTT_TYPE_ID_EAV_ENTT_TYPE_ENTT_TYPE_ID` FOREIGN KEY (`entity_type_id`) REFERENCES `eav_entity_type` (`entity_type_id`) ON DELETE CASCADE ON UPDATE CASCADE,
  CONSTRAINT `FK_CUSTOMER_ENTITY_DECIMAL_ENTITY_ID_CUSTOMER_ENTITY_ENTITY_ID` FOREIGN KEY (`entity_id`) REFERENCES `customer_entity` (`entity_id`) ON DELETE CASCADE ON UPDATE CASCADE
) ENGINE=InnoDB DEFAULT CHARSET=utf8 COMMENT='Customer Entity Decimal';

-- Dumping data for table magento11431.customer_entity_decimal: ~0 rows (approximately)
DELETE FROM `customer_entity_decimal`;

-- Dumping structure for table magento11431.customer_entity_int
CREATE TABLE IF NOT EXISTS `customer_entity_int` (
  `value_id` int(11) NOT NULL AUTO_INCREMENT COMMENT 'Value Id',
  `entity_type_id` smallint(5) unsigned NOT NULL DEFAULT '0' COMMENT 'Entity Type Id',
  `attribute_id` smallint(5) unsigned NOT NULL DEFAULT '0' COMMENT 'Attribute Id',
  `entity_id` int(10) unsigned NOT NULL DEFAULT '0' COMMENT 'Entity Id',
  `value` int(11) NOT NULL DEFAULT '0' COMMENT 'Value',
  PRIMARY KEY (`value_id`),
  UNIQUE KEY `UNQ_CUSTOMER_ENTITY_INT_ENTITY_ID_ATTRIBUTE_ID` (`entity_id`,`attribute_id`),
  KEY `IDX_CUSTOMER_ENTITY_INT_ENTITY_TYPE_ID` (`entity_type_id`),
  KEY `IDX_CUSTOMER_ENTITY_INT_ATTRIBUTE_ID` (`attribute_id`),
  KEY `IDX_CUSTOMER_ENTITY_INT_ENTITY_ID` (`entity_id`),
  KEY `IDX_CUSTOMER_ENTITY_INT_ENTITY_ID_ATTRIBUTE_ID_VALUE` (`entity_id`,`attribute_id`,`value`),
  CONSTRAINT `FK_CSTR_ENTT_INT_ENTT_TYPE_ID_EAV_ENTT_TYPE_ENTT_TYPE_ID` FOREIGN KEY (`entity_type_id`) REFERENCES `eav_entity_type` (`entity_type_id`) ON DELETE CASCADE ON UPDATE CASCADE,
  CONSTRAINT `FK_CUSTOMER_ENTITY_INT_ATTRIBUTE_ID_EAV_ATTRIBUTE_ATTRIBUTE_ID` FOREIGN KEY (`attribute_id`) REFERENCES `eav_attribute` (`attribute_id`) ON DELETE CASCADE ON UPDATE CASCADE,
  CONSTRAINT `FK_CUSTOMER_ENTITY_INT_ENTITY_ID_CUSTOMER_ENTITY_ENTITY_ID` FOREIGN KEY (`entity_id`) REFERENCES `customer_entity` (`entity_id`) ON DELETE CASCADE ON UPDATE CASCADE
) ENGINE=InnoDB AUTO_INCREMENT=11 DEFAULT CHARSET=utf8 COMMENT='Customer Entity Int';

-- Dumping data for table magento11431.customer_entity_int: ~10 rows (approximately)
DELETE FROM `customer_entity_int`;
INSERT INTO `customer_entity_int` (`value_id`, `entity_type_id`, `attribute_id`, `entity_id`, `value`) VALUES
	(1, 1, 147, 1, 1),
	(2, 1, 148, 1, 1),
	(3, 1, 13, 1, 1),
	(4, 1, 14, 1, 1),
	(5, 1, 175, 1, 14),
	(6, 1, 175, 2, 15),
	(7, 1, 147, 2, 1),
	(8, 1, 148, 2, 1),
	(9, 1, 13, 2, 2),
	(10, 1, 14, 2, 2);

-- Dumping structure for table magento11431.customer_entity_text
CREATE TABLE IF NOT EXISTS `customer_entity_text` (
  `value_id` int(11) NOT NULL AUTO_INCREMENT COMMENT 'Value Id',
  `entity_type_id` smallint(5) unsigned NOT NULL DEFAULT '0' COMMENT 'Entity Type Id',
  `attribute_id` smallint(5) unsigned NOT NULL DEFAULT '0' COMMENT 'Attribute Id',
  `entity_id` int(10) unsigned NOT NULL DEFAULT '0' COMMENT 'Entity Id',
  `value` text NOT NULL COMMENT 'Value',
  PRIMARY KEY (`value_id`),
  UNIQUE KEY `UNQ_CUSTOMER_ENTITY_TEXT_ENTITY_ID_ATTRIBUTE_ID` (`entity_id`,`attribute_id`),
  KEY `IDX_CUSTOMER_ENTITY_TEXT_ENTITY_TYPE_ID` (`entity_type_id`),
  KEY `IDX_CUSTOMER_ENTITY_TEXT_ATTRIBUTE_ID` (`attribute_id`),
  KEY `IDX_CUSTOMER_ENTITY_TEXT_ENTITY_ID` (`entity_id`),
  CONSTRAINT `FK_CSTR_ENTT_TEXT_ENTT_TYPE_ID_EAV_ENTT_TYPE_ENTT_TYPE_ID` FOREIGN KEY (`entity_type_id`) REFERENCES `eav_entity_type` (`entity_type_id`) ON DELETE CASCADE ON UPDATE CASCADE,
  CONSTRAINT `FK_CUSTOMER_ENTITY_TEXT_ATTRIBUTE_ID_EAV_ATTRIBUTE_ATTRIBUTE_ID` FOREIGN KEY (`attribute_id`) REFERENCES `eav_attribute` (`attribute_id`) ON DELETE CASCADE ON UPDATE CASCADE,
  CONSTRAINT `FK_CUSTOMER_ENTITY_TEXT_ENTITY_ID_CUSTOMER_ENTITY_ENTITY_ID` FOREIGN KEY (`entity_id`) REFERENCES `customer_entity` (`entity_id`) ON DELETE CASCADE ON UPDATE CASCADE
) ENGINE=InnoDB DEFAULT CHARSET=utf8 COMMENT='Customer Entity Text';

-- Dumping data for table magento11431.customer_entity_text: ~0 rows (approximately)
DELETE FROM `customer_entity_text`;

-- Dumping structure for table magento11431.customer_entity_varchar
CREATE TABLE IF NOT EXISTS `customer_entity_varchar` (
  `value_id` int(11) NOT NULL AUTO_INCREMENT COMMENT 'Value Id',
  `entity_type_id` smallint(5) unsigned NOT NULL DEFAULT '0' COMMENT 'Entity Type Id',
  `attribute_id` smallint(5) unsigned NOT NULL DEFAULT '0' COMMENT 'Attribute Id',
  `entity_id` int(10) unsigned NOT NULL DEFAULT '0' COMMENT 'Entity Id',
  `value` varchar(255) DEFAULT NULL COMMENT 'Value',
  PRIMARY KEY (`value_id`),
  UNIQUE KEY `UNQ_CUSTOMER_ENTITY_VARCHAR_ENTITY_ID_ATTRIBUTE_ID` (`entity_id`,`attribute_id`),
  KEY `IDX_CUSTOMER_ENTITY_VARCHAR_ENTITY_TYPE_ID` (`entity_type_id`),
  KEY `IDX_CUSTOMER_ENTITY_VARCHAR_ATTRIBUTE_ID` (`attribute_id`),
  KEY `IDX_CUSTOMER_ENTITY_VARCHAR_ENTITY_ID` (`entity_id`),
  KEY `IDX_CUSTOMER_ENTITY_VARCHAR_ENTITY_ID_ATTRIBUTE_ID_VALUE` (`entity_id`,`attribute_id`,`value`),
  CONSTRAINT `FK_CSTR_ENTT_VCHR_ATTR_ID_EAV_ATTR_ATTR_ID` FOREIGN KEY (`attribute_id`) REFERENCES `eav_attribute` (`attribute_id`) ON DELETE CASCADE ON UPDATE CASCADE,
  CONSTRAINT `FK_CSTR_ENTT_VCHR_ENTT_TYPE_ID_EAV_ENTT_TYPE_ENTT_TYPE_ID` FOREIGN KEY (`entity_type_id`) REFERENCES `eav_entity_type` (`entity_type_id`) ON DELETE CASCADE ON UPDATE CASCADE,
  CONSTRAINT `FK_CUSTOMER_ENTITY_VARCHAR_ENTITY_ID_CUSTOMER_ENTITY_ENTITY_ID` FOREIGN KEY (`entity_id`) REFERENCES `customer_entity` (`entity_id`) ON DELETE CASCADE ON UPDATE CASCADE
) ENGINE=InnoDB AUTO_INCREMENT=11 DEFAULT CHARSET=utf8 COMMENT='Customer Entity Varchar';

-- Dumping data for table magento11431.customer_entity_varchar: ~9 rows (approximately)
DELETE FROM `customer_entity_varchar`;
INSERT INTO `customer_entity_varchar` (`value_id`, `entity_type_id`, `attribute_id`, `entity_id`, `value`) VALUES
	(1, 1, 5, 1, 'Fn'),
	(2, 1, 6, 1, 'Mn'),
	(3, 1, 7, 1, 'Ln'),
	(4, 1, 12, 1, 'eeb2ec5c4744a88f44ec1858b2576b8a2462ed9373d41e2627d2cbc81cea7aab:NIpU4Or6owS8GYRoVlnRPKJNj7tf0Tpl'),
	(5, 1, 3, 1, 'Default Store View'),
	(6, 1, 5, 2, 'Fn'),
	(8, 1, 7, 2, 'Ln'),
	(9, 1, 12, 2, '7900a4cff487ddfc9e9730d6053ca96ca22e0317d08a00d607a9eaa728ace5d8:4ulBtU3le2lDZAYrweTrwumaYkwAiwpX'),
	(10, 1, 3, 2, 'view11');



-- Dumping structure for table magento1921.eav_attribute
CREATE TABLE IF NOT EXISTS `eav_attribute` (
  `attribute_id` smallint(5) unsigned NOT NULL AUTO_INCREMENT COMMENT 'Attribute Id',
  `entity_type_id` smallint(5) unsigned NOT NULL DEFAULT '0' COMMENT 'Entity Type Id',
  `attribute_code` varchar(255) DEFAULT NULL COMMENT 'Attribute Code',
  `attribute_model` varchar(255) DEFAULT NULL COMMENT 'Attribute Model',
  `backend_model` varchar(255) DEFAULT NULL COMMENT 'Backend Model',
  `backend_type` varchar(8) NOT NULL DEFAULT 'static' COMMENT 'Backend Type',
  `backend_table` varchar(255) DEFAULT NULL COMMENT 'Backend Table',
  `frontend_model` varchar(255) DEFAULT NULL COMMENT 'Frontend Model',
  `frontend_input` varchar(50) DEFAULT NULL COMMENT 'Frontend Input',
  `frontend_label` varchar(255) DEFAULT NULL COMMENT 'Frontend Label',
  `frontend_class` varchar(255) DEFAULT NULL COMMENT 'Frontend Class',
  `source_model` varchar(255) DEFAULT NULL COMMENT 'Source Model',
  `is_required` smallint(5) unsigned NOT NULL DEFAULT '0' COMMENT 'Defines Is Required',
  `is_user_defined` smallint(5) unsigned NOT NULL DEFAULT '0' COMMENT 'Defines Is User Defined',
  `default_value` text COMMENT 'Default Value',
  `is_unique` smallint(5) unsigned NOT NULL DEFAULT '0' COMMENT 'Defines Is Unique',
  `note` varchar(255) DEFAULT NULL COMMENT 'Note',
  PRIMARY KEY (`attribute_id`),
  UNIQUE KEY `UNQ_EAV_ATTRIBUTE_ENTITY_TYPE_ID_ATTRIBUTE_CODE` (`entity_type_id`,`attribute_code`),
  KEY `IDX_EAV_ATTRIBUTE_ENTITY_TYPE_ID` (`entity_type_id`),
  CONSTRAINT `FK_EAV_ATTRIBUTE_ENTITY_TYPE_ID_EAV_ENTITY_TYPE_ENTITY_TYPE_ID` FOREIGN KEY (`entity_type_id`) REFERENCES `eav_entity_type` (`entity_type_id`) ON DELETE CASCADE ON UPDATE CASCADE
) ENGINE=InnoDB AUTO_INCREMENT=136 DEFAULT CHARSET=utf8 COMMENT='Eav Attribute';

-- Dumping data for table magento1921.eav_attribute: ~135 rows (approximately)
DELETE FROM `eav_attribute`;
INSERT INTO `eav_attribute` (`attribute_id`, `entity_type_id`, `attribute_code`, `attribute_model`, `backend_model`, `backend_type`, `backend_table`, `frontend_model`, `frontend_input`, `frontend_label`, `frontend_class`, `source_model`, `is_required`, `is_user_defined`, `default_value`, `is_unique`, `note`) VALUES
	(0, 1, 'website_id', NULL, 'customer/customer_attribute_backend_website', 'static', NULL, NULL, 'select', 'Associate to Website', NULL, 'customer/customer_attribute_source_website', 1, 0, NULL, 0, NULL),
	(2, 1, 'store_id', NULL, 'customer/customer_attribute_backend_store', 'static', NULL, NULL, 'select', 'Create In', NULL, 'customer/customer_attribute_source_store', 1, 0, NULL, 0, NULL),
	(3, 1, 'created_in', NULL, NULL, 'varchar', NULL, NULL, 'text', 'Created From', NULL, NULL, 0, 0, NULL, 0, NULL),
	(4, 1, 'prefix', NULL, NULL, 'varchar', NULL, NULL, 'text', 'Prefix', NULL, NULL, 0, 0, NULL, 0, NULL),
	(5, 1, 'firstname', NULL, NULL, 'varchar', NULL, NULL, 'text', 'First Name', NULL, NULL, 1, 0, NULL, 0, NULL),
	(6, 1, 'middlename', NULL, NULL, 'varchar', NULL, NULL, 'text', 'Middle Name/Initial', NULL, NULL, 0, 0, NULL, 0, NULL),
	(7, 1, 'lastname', NULL, NULL, 'varchar', NULL, NULL, 'text', 'Last Name', NULL, NULL, 1, 0, NULL, 0, NULL),
	(8, 1, 'suffix', NULL, NULL, 'varchar', NULL, NULL, 'text', 'Suffix', NULL, NULL, 0, 0, NULL, 0, NULL),
	(9, 1, 'email', NULL, NULL, 'static', NULL, NULL, 'text', 'Email', NULL, NULL, 1, 0, NULL, 0, NULL),
	(10, 1, 'group_id', NULL, NULL, 'static', NULL, NULL, 'select', 'Group', NULL, 'customer/customer_attribute_source_group', 1, 0, NULL, 0, NULL),
	(11, 1, 'dob', NULL, 'eav/entity_attribute_backend_datetime', 'datetime', NULL, 'eav/entity_attribute_frontend_datetime', 'date', 'Date Of Birth', NULL, NULL, 0, 0, NULL, 0, NULL),
	(12, 1, 'password_hash', NULL, 'customer/customer_attribute_backend_password', 'varchar', NULL, NULL, 'hidden', NULL, NULL, NULL, 0, 0, NULL, 0, NULL),
	(13, 1, 'default_billing', NULL, 'customer/customer_attribute_backend_billing', 'int', NULL, NULL, 'text', 'Default Billing Address', NULL, NULL, 0, 0, NULL, 0, NULL),
	(14, 1, 'default_shipping', NULL, 'customer/customer_attribute_backend_shipping', 'int', NULL, NULL, 'text', 'Default Shipping Address', NULL, NULL, 0, 0, NULL, 0, NULL),
	(15, 1, 'taxvat', NULL, NULL, 'varchar', NULL, NULL, 'text', 'Tax/VAT Number', NULL, NULL, 0, 0, NULL, 0, NULL),
	(16, 1, 'confirmation', NULL, NULL, 'varchar', NULL, NULL, 'text', 'Is Confirmed', NULL, NULL, 0, 0, NULL, 0, NULL),
	(17, 1, 'created_at', NULL, NULL, 'static', NULL, NULL, 'datetime', 'Created At', NULL, NULL, 0, 0, NULL, 0, NULL),
	(18, 1, 'gender', NULL, NULL, 'int', NULL, NULL, 'select', 'Gender', NULL, 'eav/entity_attribute_source_table', 0, 0, NULL, 0, NULL),
	(19, 2, 'prefix', NULL, NULL, 'varchar', NULL, NULL, 'text', 'Prefix', NULL, NULL, 0, 0, NULL, 0, NULL),
	(20, 2, 'firstname', NULL, NULL, 'varchar', NULL, NULL, 'text', 'First Name', NULL, NULL, 1, 0, NULL, 0, NULL),
	(21, 2, 'middlename', NULL, NULL, 'varchar', NULL, NULL, 'text', 'Middle Name/Initial', NULL, NULL, 0, 0, NULL, 0, NULL),
	(22, 2, 'lastname', NULL, NULL, 'varchar', NULL, NULL, 'text', 'Last Name', NULL, NULL, 1, 0, NULL, 0, NULL),
	(23, 2, 'suffix', NULL, NULL, 'varchar', NULL, NULL, 'text', 'Suffix', NULL, NULL, 0, 0, NULL, 0, NULL),
	(24, 2, 'company', NULL, NULL, 'varchar', NULL, NULL, 'text', 'Company', NULL, NULL, 0, 0, NULL, 0, NULL),
	(25, 2, 'street', NULL, 'customer/entity_address_attribute_backend_street', 'text', NULL, NULL, 'multiline', 'Street Address', NULL, NULL, 1, 0, NULL, 0, NULL),
	(26, 2, 'city', NULL, NULL, 'varchar', NULL, NULL, 'text', 'City', NULL, NULL, 1, 0, NULL, 0, NULL),
	(27, 2, 'country_id', NULL, NULL, 'varchar', NULL, NULL, 'select', 'Country', NULL, 'customer/entity_address_attribute_source_country', 1, 0, NULL, 0, NULL),
	(28, 2, 'region', NULL, 'customer/entity_address_attribute_backend_region', 'varchar', NULL, NULL, 'text', 'State/Province', NULL, NULL, 0, 0, NULL, 0, NULL),
	(29, 2, 'region_id', NULL, NULL, 'int', NULL, NULL, 'hidden', 'State/Province', NULL, 'customer/entity_address_attribute_source_region', 0, 0, NULL, 0, NULL),
	(30, 2, 'postcode', NULL, NULL, 'varchar', NULL, NULL, 'text', 'Zip/Postal Code', NULL, NULL, 1, 0, NULL, 0, NULL),
	(31, 2, 'telephone', NULL, NULL, 'varchar', NULL, NULL, 'text', 'Telephone', NULL, NULL, 1, 0, NULL, 0, NULL),
	(32, 2, 'fax', NULL, NULL, 'varchar', NULL, NULL, 'text', 'Fax', NULL, NULL, 0, 0, NULL, 0, NULL),
	(33, 1, 'rp_token', NULL, NULL, 'varchar', NULL, NULL, 'hidden', NULL, NULL, NULL, 0, 0, NULL, 0, NULL),
	(34, 1, 'rp_token_created_at', NULL, NULL, 'datetime', NULL, NULL, 'date', NULL, NULL, NULL, 0, 0, NULL, 0, NULL),
	(35, 1, 'disable_auto_group_change', NULL, 'customer/attribute_backend_data_boolean', 'static', NULL, NULL, 'boolean', 'Disable Automatic Group Change Based on VAT ID', NULL, NULL, 0, 0, NULL, 0, NULL),
	(36, 2, 'vat_id', NULL, NULL, 'varchar', NULL, NULL, 'text', 'VAT number', NULL, NULL, 0, 0, NULL, 0, NULL),
	(37, 2, 'vat_is_valid', NULL, NULL, 'int', NULL, NULL, 'text', 'VAT number validity', NULL, NULL, 0, 0, NULL, 0, NULL),
	(38, 2, 'vat_request_id', NULL, NULL, 'varchar', NULL, NULL, 'text', 'VAT number validation request ID', NULL, NULL, 0, 0, NULL, 0, NULL),
	(39, 2, 'vat_request_date', NULL, NULL, 'varchar', NULL, NULL, 'text', 'VAT number validation request date', NULL, NULL, 0, 0, NULL, 0, NULL),
	(40, 2, 'vat_request_success', NULL, NULL, 'int', NULL, NULL, 'text', 'VAT number validation request success', NULL, NULL, 0, 0, NULL, 0, NULL),
	(41, 3, 'name', NULL, NULL, 'varchar', NULL, NULL, 'text', 'Name', NULL, NULL, 1, 0, NULL, 0, NULL),
	(42, 3, 'is_active', NULL, NULL, 'int', NULL, NULL, 'select', 'Is Active', NULL, 'eav/entity_attribute_source_boolean', 1, 0, NULL, 0, NULL),
	(43, 3, 'url_key', NULL, 'catalog/category_attribute_backend_urlkey', 'varchar', NULL, NULL, 'text', 'URL Key', NULL, NULL, 0, 0, NULL, 0, NULL),
	(44, 3, 'description', NULL, NULL, 'text', NULL, NULL, 'textarea', 'Description', NULL, NULL, 0, 0, NULL, 0, NULL),
	(45, 3, 'image', NULL, 'catalog/category_attribute_backend_image', 'varchar', NULL, NULL, 'image', 'Image', NULL, NULL, 0, 0, NULL, 0, NULL),
	(46, 3, 'meta_title', NULL, NULL, 'varchar', NULL, NULL, 'text', 'Page Title', NULL, NULL, 0, 0, NULL, 0, NULL),
	(47, 3, 'meta_keywords', NULL, NULL, 'text', NULL, NULL, 'textarea', 'Meta Keywords', NULL, NULL, 0, 0, NULL, 0, NULL),
	(48, 3, 'meta_description', NULL, NULL, 'text', NULL, NULL, 'textarea', 'Meta Description', NULL, NULL, 0, 0, NULL, 0, NULL),
	(49, 3, 'display_mode', NULL, NULL, 'varchar', NULL, NULL, 'select', 'Display Mode', NULL, 'catalog/category_attribute_source_mode', 0, 0, NULL, 0, NULL),
	(50, 3, 'landing_page', NULL, NULL, 'int', NULL, NULL, 'select', 'CMS Block', NULL, 'catalog/category_attribute_source_page', 0, 0, NULL, 0, NULL),
	(51, 3, 'is_anchor', NULL, NULL, 'int', NULL, NULL, 'select', 'Is Anchor', NULL, 'eav/entity_attribute_source_boolean', 0, 0, NULL, 0, NULL),
	(52, 3, 'path', NULL, NULL, 'static', NULL, NULL, 'text', 'Path', NULL, NULL, 0, 0, NULL, 0, NULL),
	(53, 3, 'position', NULL, NULL, 'static', NULL, NULL, 'text', 'Position', NULL, NULL, 0, 0, NULL, 0, NULL),
	(54, 3, 'all_children', NULL, NULL, 'text', NULL, NULL, 'text', NULL, NULL, NULL, 0, 0, NULL, 0, NULL),
	(55, 3, 'path_in_store', NULL, NULL, 'text', NULL, NULL, 'text', NULL, NULL, NULL, 0, 0, NULL, 0, NULL),
	(56, 3, 'children', NULL, NULL, 'text', NULL, NULL, 'text', NULL, NULL, NULL, 0, 0, NULL, 0, NULL),
	(57, 3, 'url_path', NULL, NULL, 'varchar', NULL, NULL, 'text', NULL, NULL, NULL, 0, 0, NULL, 0, NULL),
	(58, 3, 'custom_design', NULL, NULL, 'varchar', NULL, NULL, 'select', 'Custom Design', NULL, 'core/design_source_design', 0, 0, NULL, 0, NULL),
	(59, 3, 'custom_design_from', NULL, 'eav/entity_attribute_backend_datetime', 'datetime', NULL, NULL, 'date', 'Active From', NULL, NULL, 0, 0, NULL, 0, NULL),
	(60, 3, 'custom_design_to', NULL, 'eav/entity_attribute_backend_datetime', 'datetime', NULL, NULL, 'date', 'Active To', NULL, NULL, 0, 0, NULL, 0, NULL),
	(61, 3, 'page_layout', NULL, NULL, 'varchar', NULL, NULL, 'select', 'Page Layout', NULL, 'catalog/category_attribute_source_layout', 0, 0, NULL, 0, NULL),
	(62, 3, 'custom_layout_update', NULL, 'catalog/attribute_backend_customlayoutupdate', 'text', NULL, NULL, 'textarea', 'Custom Layout Update', NULL, NULL, 0, 0, NULL, 0, NULL),
	(63, 3, 'level', NULL, NULL, 'static', NULL, NULL, 'text', 'Level', NULL, NULL, 0, 0, NULL, 0, NULL),
	(64, 3, 'children_count', NULL, NULL, 'static', NULL, NULL, 'text', 'Children Count', NULL, NULL, 0, 0, NULL, 0, NULL),
	(65, 3, 'available_sort_by', NULL, 'catalog/category_attribute_backend_sortby', 'text', NULL, NULL, 'multiselect', 'Available Product Listing Sort By', NULL, 'catalog/category_attribute_source_sortby', 1, 0, NULL, 0, NULL),
	(66, 3, 'default_sort_by', NULL, 'catalog/category_attribute_backend_sortby', 'varchar', NULL, NULL, 'select', 'Default Product Listing Sort By', NULL, 'catalog/category_attribute_source_sortby', 1, 0, NULL, 0, NULL),
	(67, 3, 'include_in_menu', NULL, NULL, 'int', NULL, NULL, 'select', 'Include in Navigation Menu', NULL, 'eav/entity_attribute_source_boolean', 1, 0, '1', 0, NULL),
	(68, 3, 'custom_use_parent_settings', NULL, NULL, 'int', NULL, NULL, 'select', 'Use Parent Category Settings', NULL, 'eav/entity_attribute_source_boolean', 0, 0, NULL, 0, NULL),
	(69, 3, 'custom_apply_to_products', NULL, NULL, 'int', NULL, NULL, 'select', 'Apply To Products', NULL, 'eav/entity_attribute_source_boolean', 0, 0, NULL, 0, NULL),
	(70, 3, 'filter_price_range', NULL, NULL, 'decimal', NULL, NULL, 'text', 'Layered Navigation Price Step', NULL, NULL, 0, 0, NULL, 0, NULL),
	(71, 4, 'name', NULL, NULL, 'varchar', NULL, NULL, 'text', 'Name', NULL, NULL, 1, 0, NULL, 0, NULL),
	(72, 4, 'description', NULL, NULL, 'text', NULL, NULL, 'textarea', 'Description', NULL, NULL, 1, 0, NULL, 0, NULL),
	(73, 4, 'short_description', NULL, NULL, 'text', NULL, NULL, 'textarea', 'Short Description', NULL, NULL, 1, 0, NULL, 0, NULL),
	(74, 4, 'sku', NULL, 'catalog/product_attribute_backend_sku', 'static', NULL, NULL, 'text', 'SKU', NULL, NULL, 1, 0, NULL, 1, NULL),
	(75, 4, 'price', NULL, 'catalog/product_attribute_backend_price', 'decimal', NULL, NULL, 'price', 'Price', NULL, NULL, 1, 0, NULL, 0, NULL),
	(76, 4, 'special_price', NULL, 'catalog/product_attribute_backend_price', 'decimal', NULL, NULL, 'price', 'Special Price', NULL, NULL, 0, 0, NULL, 0, 'The Special Price is active only when lower than the Actual Price'),
	(77, 4, 'special_from_date', NULL, 'catalog/product_attribute_backend_startdate_specialprice', 'datetime', NULL, NULL, 'date', 'Special Price From Date', NULL, NULL, 0, 0, NULL, 0, NULL),
	(78, 4, 'special_to_date', NULL, 'eav/entity_attribute_backend_datetime', 'datetime', NULL, NULL, 'date', 'Special Price To Date', NULL, NULL, 0, 0, NULL, 0, NULL),
	(79, 4, 'cost', NULL, 'catalog/product_attribute_backend_price', 'decimal', NULL, NULL, 'price', 'Cost', NULL, NULL, 0, 1, NULL, 0, NULL),
	(80, 4, 'weight', NULL, NULL, 'decimal', NULL, NULL, 'weight', 'Weight', NULL, NULL, 1, 0, NULL, 0, NULL),
	(81, 4, 'manufacturer', NULL, NULL, 'int', NULL, NULL, 'select', 'Manufacturer', NULL, NULL, 0, 1, NULL, 0, NULL),
	(82, 4, 'meta_title', NULL, NULL, 'varchar', NULL, NULL, 'text', 'Meta Title', NULL, NULL, 0, 0, NULL, 0, NULL),
	(83, 4, 'meta_keyword', NULL, NULL, 'text', NULL, NULL, 'textarea', 'Meta Keywords', NULL, NULL, 0, 0, NULL, 0, NULL),
	(84, 4, 'meta_description', NULL, NULL, 'varchar', NULL, NULL, 'textarea', 'Meta Description', NULL, NULL, 0, 0, NULL, 0, 'Maximum 255 chars'),
	(85, 4, 'image', NULL, NULL, 'varchar', NULL, 'catalog/product_attribute_frontend_image', 'media_image', 'Base Image', NULL, NULL, 0, 0, NULL, 0, NULL),
	(86, 4, 'small_image', NULL, NULL, 'varchar', NULL, 'catalog/product_attribute_frontend_image', 'media_image', 'Small Image', NULL, NULL, 0, 0, NULL, 0, NULL),
	(87, 4, 'thumbnail', NULL, NULL, 'varchar', NULL, 'catalog/product_attribute_frontend_image', 'media_image', 'Thumbnail', NULL, NULL, 0, 0, NULL, 0, NULL),
	(88, 4, 'media_gallery', NULL, 'catalog/product_attribute_backend_media', 'varchar', NULL, NULL, 'gallery', 'Media Gallery', NULL, NULL, 0, 0, NULL, 0, NULL),
	(89, 4, 'old_id', NULL, NULL, 'int', NULL, NULL, 'text', NULL, NULL, NULL, 0, 0, NULL, 0, NULL),
	(90, 4, 'group_price', NULL, 'catalog/product_attribute_backend_groupprice', 'decimal', NULL, NULL, 'text', 'Group Price', NULL, NULL, 0, 0, NULL, 0, NULL),
	(91, 4, 'tier_price', NULL, 'catalog/product_attribute_backend_tierprice', 'decimal', NULL, NULL, 'text', 'Tier Price', NULL, NULL, 0, 0, NULL, 0, NULL),
	(92, 4, 'color', NULL, NULL, 'int', NULL, NULL, 'select', 'Color', NULL, NULL, 0, 1, NULL, 0, NULL),
	(93, 4, 'news_from_date', NULL, 'catalog/product_attribute_backend_startdate', 'datetime', NULL, NULL, 'date', 'Set Product as New from Date', NULL, NULL, 0, 0, NULL, 0, NULL),
	(94, 4, 'news_to_date', NULL, 'eav/entity_attribute_backend_datetime', 'datetime', NULL, NULL, 'date', 'Set Product as New to Date', NULL, NULL, 0, 0, NULL, 0, NULL),
	(95, 4, 'gallery', NULL, NULL, 'varchar', NULL, NULL, 'gallery', 'Image Gallery', NULL, NULL, 0, 0, NULL, 0, NULL),
	(96, 4, 'status', NULL, NULL, 'int', NULL, NULL, 'select', 'Status', NULL, 'catalog/product_status', 1, 0, NULL, 0, NULL),
	(97, 4, 'url_key', NULL, 'catalog/product_attribute_backend_urlkey', 'varchar', NULL, NULL, 'text', 'URL Key', NULL, NULL, 0, 0, NULL, 0, NULL),
	(98, 4, 'url_path', NULL, NULL, 'varchar', NULL, NULL, 'text', NULL, NULL, NULL, 0, 0, NULL, 0, NULL),
	(99, 4, 'minimal_price', NULL, NULL, 'decimal', NULL, NULL, 'price', 'Minimal Price', NULL, NULL, 0, 0, NULL, 0, NULL),
	(100, 4, 'is_recurring', NULL, NULL, 'int', NULL, NULL, 'select', 'Enable Recurring Profile', NULL, 'eav/entity_attribute_source_boolean', 0, 0, NULL, 0, 'Products with recurring profile participate in catalog as nominal items.'),
	(101, 4, 'recurring_profile', NULL, 'catalog/product_attribute_backend_recurring', 'text', NULL, NULL, 'text', 'Recurring Payment Profile', NULL, NULL, 0, 0, NULL, 0, NULL),
	(102, 4, 'visibility', NULL, NULL, 'int', NULL, NULL, 'select', 'Visibility', NULL, 'catalog/product_visibility', 1, 0, '4', 0, NULL),
	(103, 4, 'custom_design', NULL, NULL, 'varchar', NULL, NULL, 'select', 'Custom Design', NULL, 'core/design_source_design', 0, 0, NULL, 0, NULL),
	(104, 4, 'custom_design_from', NULL, 'catalog/product_attribute_backend_startdate', 'datetime', NULL, NULL, 'date', 'Active From', NULL, NULL, 0, 0, NULL, 0, NULL),
	(105, 4, 'custom_design_to', NULL, 'eav/entity_attribute_backend_datetime', 'datetime', NULL, NULL, 'date', 'Active To', NULL, NULL, 0, 0, NULL, 0, NULL),
	(106, 4, 'custom_layout_update', NULL, 'catalog/attribute_backend_customlayoutupdate', 'text', NULL, NULL, 'textarea', 'Custom Layout Update', NULL, NULL, 0, 0, NULL, 0, NULL),
	(107, 4, 'page_layout', NULL, NULL, 'varchar', NULL, NULL, 'select', 'Page Layout', NULL, 'catalog/product_attribute_source_layout', 0, 0, NULL, 0, NULL),
	(108, 4, 'category_ids', NULL, NULL, 'static', NULL, NULL, 'text', NULL, NULL, NULL, 0, 0, NULL, 0, NULL),
	(109, 4, 'options_container', NULL, NULL, 'varchar', NULL, NULL, 'select', 'Display Product Options In', NULL, 'catalog/entity_product_attribute_design_options_container', 0, 0, 'container1', 0, NULL),
	(110, 4, 'required_options', NULL, NULL, 'static', NULL, NULL, 'text', NULL, NULL, NULL, 0, 0, NULL, 0, NULL),
	(111, 4, 'has_options', NULL, NULL, 'static', NULL, NULL, 'text', NULL, NULL, NULL, 0, 0, NULL, 0, NULL),
	(112, 4, 'image_label', NULL, NULL, 'varchar', NULL, NULL, 'text', 'Image Label', NULL, NULL, 0, 0, NULL, 0, NULL),
	(113, 4, 'small_image_label', NULL, NULL, 'varchar', NULL, NULL, 'text', 'Small Image Label', NULL, NULL, 0, 0, NULL, 0, NULL),
	(114, 4, 'thumbnail_label', NULL, NULL, 'varchar', NULL, NULL, 'text', 'Thumbnail Label', NULL, NULL, 0, 0, NULL, 0, NULL),
	(115, 4, 'created_at', NULL, 'eav/entity_attribute_backend_time_created', 'static', NULL, NULL, 'text', NULL, NULL, NULL, 1, 0, NULL, 0, NULL),
	(116, 4, 'updated_at', NULL, 'eav/entity_attribute_backend_time_updated', 'static', NULL, NULL, 'text', NULL, NULL, NULL, 1, 0, NULL, 0, NULL),
	(117, 4, 'country_of_manufacture', NULL, NULL, 'varchar', NULL, NULL, 'select', 'Country of Manufacture', NULL, 'catalog/product_attribute_source_countryofmanufacture', 0, 0, NULL, 0, NULL),
	(118, 4, 'msrp_enabled', NULL, 'catalog/product_attribute_backend_msrp', 'varchar', NULL, NULL, 'select', 'Apply MAP', NULL, 'catalog/product_attribute_source_msrp_type_enabled', 0, 0, '2', 0, NULL),
	(119, 4, 'msrp_display_actual_price_type', NULL, 'catalog/product_attribute_backend_boolean', 'varchar', NULL, NULL, 'select', 'Display Actual Price', NULL, 'catalog/product_attribute_source_msrp_type_price', 0, 0, '4', 0, NULL),
	(120, 4, 'msrp', NULL, 'catalog/product_attribute_backend_price', 'decimal', NULL, NULL, 'price', 'Manufacturer\'s Suggested Retail Price', NULL, NULL, 0, 0, NULL, 0, NULL),
	(121, 4, 'tax_class_id', NULL, NULL, 'int', NULL, NULL, 'select', 'Tax Class', NULL, 'tax/class_source_product', 1, 0, NULL, 0, NULL),
	(122, 4, 'gift_message_available', NULL, 'catalog/product_attribute_backend_boolean', 'varchar', NULL, NULL, 'select', 'Allow Gift Message', NULL, 'eav/entity_attribute_source_boolean', 0, 0, NULL, 0, NULL),
	(123, 4, 'price_type', NULL, NULL, 'int', NULL, NULL, NULL, NULL, NULL, NULL, 1, 0, NULL, 0, NULL),
	(124, 4, 'sku_type', NULL, NULL, 'int', NULL, NULL, NULL, NULL, NULL, NULL, 1, 0, NULL, 0, NULL),
	(125, 4, 'weight_type', NULL, NULL, 'int', NULL, NULL, NULL, NULL, NULL, NULL, 1, 0, NULL, 0, NULL),
	(126, 4, 'price_view', NULL, NULL, 'int', NULL, NULL, 'select', 'Price View', NULL, 'bundle/product_attribute_source_price_view', 1, 0, NULL, 0, NULL),
	(127, 4, 'shipment_type', NULL, NULL, 'int', NULL, NULL, NULL, 'Shipment', NULL, NULL, 1, 0, NULL, 0, NULL),
	(128, 4, 'links_purchased_separately', NULL, NULL, 'int', NULL, NULL, NULL, 'Links can be purchased separately', NULL, NULL, 1, 0, NULL, 0, NULL),
	(129, 4, 'samples_title', NULL, NULL, 'varchar', NULL, NULL, NULL, 'Samples title', NULL, NULL, 1, 0, NULL, 0, NULL),
	(130, 4, 'links_title', NULL, NULL, 'varchar', NULL, NULL, NULL, 'Links title', NULL, NULL, 1, 0, NULL, 0, NULL),
	(131, 4, 'links_exist', NULL, NULL, 'int', NULL, NULL, NULL, NULL, NULL, NULL, 0, 0, '0', 0, NULL),
	(132, 4, 'configurable', NULL, NULL, 'int', NULL, NULL, 'select', 'configurable1', NULL, NULL, 0, 1, '', 0, NULL),
	(133, 4, 'enable_googlecheckout', NULL, NULL, 'int', NULL, NULL, 'select', 'Is Product Available for Purchase with Google Checkout', NULL, 'eav/entity_attribute_source_boolean', 0, 0, '1', 0, NULL),
	(134, 3, 'thumbnail', NULL, 'catalog/category_attribute_backend_image', 'varchar', NULL, NULL, 'image', 'Thumbnail Image', NULL, NULL, 0, 0, NULL, 0, NULL),
	(135, 4, 'confgrbl1', NULL, NULL, 'int', NULL, NULL, 'select', 'confgrbl1', NULL, 'eav/entity_attribute_source_table', 0, 1, '', 0, NULL);

-- Dumping structure for table magento1921.eav_entity_type
CREATE TABLE IF NOT EXISTS `eav_entity_type` (
  `entity_type_id` smallint(5) unsigned NOT NULL AUTO_INCREMENT COMMENT 'Entity Type Id',
  `entity_type_code` varchar(50) NOT NULL COMMENT 'Entity Type Code',
  `entity_model` varchar(255) NOT NULL COMMENT 'Entity Model',
  `attribute_model` varchar(255) DEFAULT NULL COMMENT 'Attribute Model',
  `entity_table` varchar(255) DEFAULT NULL COMMENT 'Entity Table',
  `value_table_prefix` varchar(255) DEFAULT NULL COMMENT 'Value Table Prefix',
  `entity_id_field` varchar(255) DEFAULT NULL COMMENT 'Entity Id Field',
  `is_data_sharing` smallint(5) unsigned NOT NULL DEFAULT '1' COMMENT 'Defines Is Data Sharing',
  `data_sharing_key` varchar(100) DEFAULT 'default' COMMENT 'Data Sharing Key',
  `default_attribute_set_id` smallint(5) unsigned NOT NULL DEFAULT '0' COMMENT 'Default Attribute Set Id',
  `increment_model` varchar(255) DEFAULT '' COMMENT 'Increment Model',
  `increment_per_store` smallint(5) unsigned NOT NULL DEFAULT '0' COMMENT 'Increment Per Store',
  `increment_pad_length` smallint(5) unsigned NOT NULL DEFAULT '8' COMMENT 'Increment Pad Length',
  `increment_pad_char` varchar(1) NOT NULL DEFAULT '0' COMMENT 'Increment Pad Char',
  `additional_attribute_table` varchar(255) DEFAULT '' COMMENT 'Additional Attribute Table',
  `entity_attribute_collection` varchar(255) DEFAULT NULL COMMENT 'Entity Attribute Collection',
  PRIMARY KEY (`entity_type_id`),
  KEY `IDX_EAV_ENTITY_TYPE_ENTITY_TYPE_CODE` (`entity_type_code`)
) ENGINE=InnoDB AUTO_INCREMENT=9 DEFAULT CHARSET=utf8 COMMENT='Eav Entity Type';

-- Dumping data for table magento1921.eav_entity_type: ~8 rows (approximately)
DELETE FROM `eav_entity_type`;
INSERT INTO `eav_entity_type` (`entity_type_id`, `entity_type_code`, `entity_model`, `attribute_model`, `entity_table`, `value_table_prefix`, `entity_id_field`, `is_data_sharing`, `data_sharing_key`, `default_attribute_set_id`, `increment_model`, `increment_per_store`, `increment_pad_length`, `increment_pad_char`, `additional_attribute_table`, `entity_attribute_collection`) VALUES
	(1, 'customer', 'customer/customer', 'customer/attribute', 'customer/entity', NULL, NULL, 1, 'default', 1, 'eav/entity_increment_numeric', 0, 8, '0', 'customer/eav_attribute', 'customer/attribute_collection'),
	(2, 'customer_address', 'customer/address', 'customer/attribute', 'customer/address_entity', NULL, NULL, 1, 'default', 2, NULL, 0, 8, '0', 'customer/eav_attribute', 'customer/address_attribute_collection'),
	(3, 'catalog_category', 'catalog/category', 'catalog/resource_eav_attribute', 'catalog/category', NULL, NULL, 1, 'default', 3, NULL, 0, 8, '0', 'catalog/eav_attribute', 'catalog/category_attribute_collection'),
	(4, 'catalog_product', 'catalog/product', 'catalog/resource_eav_attribute', 'catalog/product', NULL, NULL, 1, 'default', 4, NULL, 0, 8, '0', 'catalog/eav_attribute', 'catalog/product_attribute_collection'),
	(5, 'order', 'sales/order', NULL, 'sales/order', NULL, NULL, 1, 'default', 0, 'eav/entity_increment_numeric', 1, 8, '0', NULL, NULL),
	(6, 'invoice', 'sales/order_invoice', NULL, 'sales/invoice', NULL, NULL, 1, 'default', 0, 'eav/entity_increment_numeric', 1, 8, '0', NULL, NULL),
	(7, 'creditmemo', 'sales/order_creditmemo', NULL, 'sales/creditmemo', NULL, NULL, 1, 'default', 0, 'eav/entity_increment_numeric', 1, 8, '0', NULL, NULL),
	(8, 'shipment', 'sales/order_shipment', NULL, 'sales/shipment', NULL, NULL, 1, 'default', 0, 'eav/entity_increment_numeric', 1, 8, '0', NULL, NULL);

